{"id":511,"date":"2020-09-06T19:47:13","date_gmt":"2020-09-06T17:47:13","guid":{"rendered":"https:\/\/zwirner.com\/one-man-band\/?page_id=511"},"modified":"2020-09-07T09:17:40","modified_gmt":"2020-09-07T07:17:40","slug":"gitarrenunterricht","status":"publish","type":"page","link":"https:\/\/zwirner.com\/one-man-band\/gitarrenunterricht\/","title":{"rendered":"Gitarrenunterricht"},"content":{"rendered":"<p><strong>Kurse und Unterricht speziell f\u00fcr E-Gitarre und Manouche-Style-Gitarre<\/strong><\/p>\n<p>Musik &#8222;selber&#8220; machen ist etwas ganz anderes als Musik nur als passiver H\u00f6rer zu erleben. Als Wiedereinsteiger, Fortgeschrittener, Anf\u00e4nger &#8211; oder wie auch immer &#8211; freue ich mich sehr, Sie zu einem kleinen &#8222;Schnupperkurs&#8220; zu begr\u00fc\u00dfen.<\/p>\n<p><strong>Anfragen bitte nicht \u00fcber das Kontaktformular, sondern per <a href=\"mailto:anfrage65axVVmQ73@rolf-zwirner-and-friends.de\">E-Mail<\/a> oder telefonisch (06124-726697) <\/strong><\/p>\n<p><video src=\"https:\/\/zwirner.com\/unterricht\/videos\/guitarlessons_640_480.mp4\" poster=\"https:\/\/zwirner.com\/one-man-band\/wp-content\/uploads\/2020\/09\/Titel.jpg\" controls=\"controls\" width=\"640\" height=\"480\"><span style=\"display: inline-block; width: 0px; overflow: hidden; line-height: 0;\" data-mce-type=\"bookmark\" class=\"mce_SELRES_start\">\ufeff<\/span><span style=\"display: inline-block; width: 0px; overflow: hidden; line-height: 0;\" data-mce-type=\"bookmark\" class=\"mce_SELRES_start\">\ufeff<\/span>Dies Video kann in Ihrem Browser nicht wiedergegeben werden.<br \/>\nEine Download-Version steht unter <a href=\"https:\/\/zwirner.com\/unterricht\/videos\/guitarlessons_640_480.mp4\"><span style=\"display: inline-block; width: 0px; overflow: hidden; line-height: 0;\" data-mce-type=\"bookmark\" class=\"mce_SELRES_start\">\ufeff<\/span>Link-Addresse<\/a> zum Abruf bereit.<br \/>\n<\/video><\/p>\n<p>Ich biete individuellen Experten-Unterricht f\u00fcr Gitarre\/E-Gitarre und richte mich vor allem an junge Leute und Erwachsene, die im Selbststudium oder in Online-Kursen doch nicht den erwarteten Erfolg finden oder als Wiedereinsteiger neue Impulse suchen. Im pers\u00f6nlichen Umgang und gemeinsamem Musizieren wird durch das Selber-Machen pl\u00f6tzlich Musik von innen erlebbar. Ein neues &#8222;Universum&#8220; spannender Erlebnisse und neuer Erfahrungen er\u00f6ffnet sich dem, der Musik bis dahin nur als passiver Zuh\u00f6rer kannte. Die inzwischen allgemein bekannte Tatsache, dass Musikmachen gesundheitsf\u00f6rderlich ist, betrifft nicht nur die konzertreife Auff\u00fchrung sondern den gesamten Lernprozess, der damit verbunden ist.<\/p>\n","protected":false},"excerpt":{"rendered":"<p>Kurse und Unterricht speziell f\u00fcr E-Gitarre und Manouche-Style-Gitarre Musik &#8222;selber&#8220; machen ist etwas ganz anderes als Musik nur als passiver H\u00f6rer zu erleben. Als Wiedereinsteiger, Fortgeschrittener, Anf\u00e4nger &#8211; oder wie auch immer &#8211; freue ich mich sehr, Sie zu einem kleinen &#8222;Schnupperkurs&#8220; zu begr\u00fc\u00dfen. Anfragen bitte nicht \u00fcber das Kontaktformular, sondern per E-Mail oder telefonisch &hellip; <\/p>\n<p class=\"link-more\"><a href=\"https:\/\/zwirner.com\/one-man-band\/gitarrenunterricht\/\" class=\"more-link\"><span class=\"screen-reader-text\">\u201eGitarrenunterricht\u201c<\/span> weiterlesen<\/a><\/p>\n","protected":false},"author":1,"featured_media":422,"parent":0,"menu_order":0,"comment_status":"closed","ping_status":"closed","template":"","meta":{"footnotes":""},"class_list":["post-511","page","type-page","status-publish","has-post-thumbnail","hentry"],"yoast_head":"<!-- This site is optimized with the Yoast SEO plugin v25.8 - https:\/\/yoast.com\/wordpress\/plugins\/seo\/ -->\n<title>Gitarrenunterricht - &quot;Guitars from Heaven&quot;<\/title>\n<meta name=\"robots\" content=\"index, follow, max-snippet:-1, max-image-preview:large, max-video-preview:-1\" \/>\n<link rel=\"canonical\" href=\"https:\/\/zwirner.com\/one-man-band\/gitarrenunterricht\/\" \/>\n<meta property=\"og:locale\" content=\"de_DE\" \/>\n<meta property=\"og:type\" content=\"article\" \/>\n<meta property=\"og:title\" content=\"Gitarrenunterricht - &quot;Guitars from Heaven&quot;\" \/>\n<meta property=\"og:description\" content=\"Kurse und Unterricht speziell f\u00fcr E-Gitarre und Manouche-Style-Gitarre Musik &#8222;selber&#8220; machen ist etwas ganz anderes als Musik nur als passiver H\u00f6rer zu erleben. Als Wiedereinsteiger, Fortgeschrittener, Anf\u00e4nger &#8211; oder wie auch immer &#8211; freue ich mich sehr, Sie zu einem kleinen &#8222;Schnupperkurs&#8220; zu begr\u00fc\u00dfen. Anfragen bitte nicht \u00fcber das Kontaktformular, sondern per E-Mail oder telefonisch &hellip; \u201eGitarrenunterricht\u201c weiterlesen\" \/>\n<meta property=\"og:url\" content=\"https:\/\/zwirner.com\/one-man-band\/gitarrenunterricht\/\" \/>\n<meta property=\"og:site_name\" content=\"&quot;Guitars from Heaven&quot;\" \/>\n<meta property=\"article:publisher\" content=\"https:\/\/www.facebook.com\/RolfZwirnerAndFriends\/\" \/>\n<meta property=\"article:modified_time\" content=\"2020-09-07T07:17:40+00:00\" \/>\n<meta property=\"og:image\" content=\"https:\/\/zwirner.com\/one-man-band\/wp-content\/uploads\/2019\/02\/inhalt_headerbild_02-1-e1550520315951.jpg\" \/>\n\t<meta property=\"og:image:width\" content=\"1872\" \/>\n\t<meta property=\"og:image:height\" content=\"302\" \/>\n\t<meta property=\"og:image:type\" content=\"image\/jpeg\" \/>\n<meta name=\"twitter:card\" content=\"summary_large_image\" \/>\n<meta name=\"twitter:label1\" content=\"Gesch\u00e4tzte Lesezeit\" \/>\n\t<meta name=\"twitter:data1\" content=\"1\u00a0Minute\" \/>\n<script type=\"application\/ld+json\" class=\"yoast-schema-graph\">{\"@context\":\"https:\/\/schema.org\",\"@graph\":[{\"@type\":\"WebPage\",\"@id\":\"https:\/\/zwirner.com\/one-man-band\/gitarrenunterricht\/\",\"url\":\"https:\/\/zwirner.com\/one-man-band\/gitarrenunterricht\/\",\"name\":\"Gitarrenunterricht - &quot;Guitars from Heaven&quot;\",\"isPartOf\":{\"@id\":\"https:\/\/zwirner.com\/one-man-band\/#website\"},\"primaryImageOfPage\":{\"@id\":\"https:\/\/zwirner.com\/one-man-band\/gitarrenunterricht\/#primaryimage\"},\"image\":{\"@id\":\"https:\/\/zwirner.com\/one-man-band\/gitarrenunterricht\/#primaryimage\"},\"thumbnailUrl\":\"https:\/\/zwirner.com\/one-man-band\/wp-content\/uploads\/2019\/02\/inhalt_headerbild_02-1-e1550520315951.jpg\",\"datePublished\":\"2020-09-06T17:47:13+00:00\",\"dateModified\":\"2020-09-07T07:17:40+00:00\",\"breadcrumb\":{\"@id\":\"https:\/\/zwirner.com\/one-man-band\/gitarrenunterricht\/#breadcrumb\"},\"inLanguage\":\"de\",\"potentialAction\":[{\"@type\":\"ReadAction\",\"target\":[\"https:\/\/zwirner.com\/one-man-band\/gitarrenunterricht\/\"]}]},{\"@type\":\"ImageObject\",\"inLanguage\":\"de\",\"@id\":\"https:\/\/zwirner.com\/one-man-band\/gitarrenunterricht\/#primaryimage\",\"url\":\"https:\/\/zwirner.com\/one-man-band\/wp-content\/uploads\/2019\/02\/inhalt_headerbild_02-1-e1550520315951.jpg\",\"contentUrl\":\"https:\/\/zwirner.com\/one-man-band\/wp-content\/uploads\/2019\/02\/inhalt_headerbild_02-1-e1550520315951.jpg\",\"width\":1872,\"height\":302},{\"@type\":\"BreadcrumbList\",\"@id\":\"https:\/\/zwirner.com\/one-man-band\/gitarrenunterricht\/#breadcrumb\",\"itemListElement\":[{\"@type\":\"ListItem\",\"position\":1,\"name\":\"Startseite\",\"item\":\"https:\/\/zwirner.com\/one-man-band\/\"},{\"@type\":\"ListItem\",\"position\":2,\"name\":\"Gitarrenunterricht\"}]},{\"@type\":\"WebSite\",\"@id\":\"https:\/\/zwirner.com\/one-man-band\/#website\",\"url\":\"https:\/\/zwirner.com\/one-man-band\/\",\"name\":\"&quot;Guitars from Heaven&quot;\",\"description\":\"Rolf Zwirner-Solo, Guitar-Instrumentals (optional Violin, Piano)\",\"publisher\":{\"@id\":\"https:\/\/zwirner.com\/one-man-band\/#organization\"},\"potentialAction\":[{\"@type\":\"SearchAction\",\"target\":{\"@type\":\"EntryPoint\",\"urlTemplate\":\"https:\/\/zwirner.com\/one-man-band\/?s={search_term_string}\"},\"query-input\":{\"@type\":\"PropertyValueSpecification\",\"valueRequired\":true,\"valueName\":\"search_term_string\"}}],\"inLanguage\":\"de\"},{\"@type\":\"Organization\",\"@id\":\"https:\/\/zwirner.com\/one-man-band\/#organization\",\"name\":\"Rolf Zwirner, niveauvolle Live-Musik f\u00fcr Ihr Event\",\"url\":\"https:\/\/zwirner.com\/one-man-band\/\",\"logo\":{\"@type\":\"ImageObject\",\"inLanguage\":\"de\",\"@id\":\"https:\/\/zwirner.com\/one-man-band\/#\/schema\/logo\/image\/\",\"url\":\"https:\/\/zwirner.com\/one-man-band\/wp-content\/uploads\/2018\/01\/rolf_solo_01-1.jpg\",\"contentUrl\":\"https:\/\/zwirner.com\/one-man-band\/wp-content\/uploads\/2018\/01\/rolf_solo_01-1.jpg\",\"width\":479,\"height\":615,\"caption\":\"Rolf Zwirner, niveauvolle Live-Musik f\u00fcr Ihr Event\"},\"image\":{\"@id\":\"https:\/\/zwirner.com\/one-man-band\/#\/schema\/logo\/image\/\"},\"sameAs\":[\"https:\/\/www.facebook.com\/RolfZwirnerAndFriends\/\",\"https:\/\/www.youtube.com\/channel\/UC2AW5nN5pnDbxHnVEja22KA\"]}]}<\/script>\n<!-- \/ Yoast SEO plugin. -->","yoast_head_json":{"title":"Gitarrenunterricht - &quot;Guitars from Heaven&quot;","robots":{"index":"index","follow":"follow","max-snippet":"max-snippet:-1","max-image-preview":"max-image-preview:large","max-video-preview":"max-video-preview:-1"},"canonical":"https:\/\/zwirner.com\/one-man-band\/gitarrenunterricht\/","og_locale":"de_DE","og_type":"article","og_title":"Gitarrenunterricht - &quot;Guitars from Heaven&quot;","og_description":"Kurse und Unterricht speziell f\u00fcr E-Gitarre und Manouche-Style-Gitarre Musik &#8222;selber&#8220; machen ist etwas ganz anderes als Musik nur als passiver H\u00f6rer zu erleben. Als Wiedereinsteiger, Fortgeschrittener, Anf\u00e4nger &#8211; oder wie auch immer &#8211; freue ich mich sehr, Sie zu einem kleinen &#8222;Schnupperkurs&#8220; zu begr\u00fc\u00dfen. Anfragen bitte nicht \u00fcber das Kontaktformular, sondern per E-Mail oder telefonisch &hellip; \u201eGitarrenunterricht\u201c weiterlesen","og_url":"https:\/\/zwirner.com\/one-man-band\/gitarrenunterricht\/","og_site_name":"&quot;Guitars from Heaven&quot;","article_publisher":"https:\/\/www.facebook.com\/RolfZwirnerAndFriends\/","article_modified_time":"2020-09-07T07:17:40+00:00","og_image":[{"width":1872,"height":302,"url":"https:\/\/zwirner.com\/one-man-band\/wp-content\/uploads\/2019\/02\/inhalt_headerbild_02-1-e1550520315951.jpg","type":"image\/jpeg"}],"twitter_card":"summary_large_image","twitter_misc":{"Gesch\u00e4tzte Lesezeit":"1\u00a0Minute"},"schema":{"@context":"https:\/\/schema.org","@graph":[{"@type":"WebPage","@id":"https:\/\/zwirner.com\/one-man-band\/gitarrenunterricht\/","url":"https:\/\/zwirner.com\/one-man-band\/gitarrenunterricht\/","name":"Gitarrenunterricht - &quot;Guitars from Heaven&quot;","isPartOf":{"@id":"https:\/\/zwirner.com\/one-man-band\/#website"},"primaryImageOfPage":{"@id":"https:\/\/zwirner.com\/one-man-band\/gitarrenunterricht\/#primaryimage"},"image":{"@id":"https:\/\/zwirner.com\/one-man-band\/gitarrenunterricht\/#primaryimage"},"thumbnailUrl":"https:\/\/zwirner.com\/one-man-band\/wp-content\/uploads\/2019\/02\/inhalt_headerbild_02-1-e1550520315951.jpg","datePublished":"2020-09-06T17:47:13+00:00","dateModified":"2020-09-07T07:17:40+00:00","breadcrumb":{"@id":"https:\/\/zwirner.com\/one-man-band\/gitarrenunterricht\/#breadcrumb"},"inLanguage":"de","potentialAction":[{"@type":"ReadAction","target":["https:\/\/zwirner.com\/one-man-band\/gitarrenunterricht\/"]}]},{"@type":"ImageObject","inLanguage":"de","@id":"https:\/\/zwirner.com\/one-man-band\/gitarrenunterricht\/#primaryimage","url":"https:\/\/zwirner.com\/one-man-band\/wp-content\/uploads\/2019\/02\/inhalt_headerbild_02-1-e1550520315951.jpg","contentUrl":"https:\/\/zwirner.com\/one-man-band\/wp-content\/uploads\/2019\/02\/inhalt_headerbild_02-1-e1550520315951.jpg","width":1872,"height":302},{"@type":"BreadcrumbList","@id":"https:\/\/zwirner.com\/one-man-band\/gitarrenunterricht\/#breadcrumb","itemListElement":[{"@type":"ListItem","position":1,"name":"Startseite","item":"https:\/\/zwirner.com\/one-man-band\/"},{"@type":"ListItem","position":2,"name":"Gitarrenunterricht"}]},{"@type":"WebSite","@id":"https:\/\/zwirner.com\/one-man-band\/#website","url":"https:\/\/zwirner.com\/one-man-band\/","name":"&quot;Guitars from Heaven&quot;","description":"Rolf Zwirner-Solo, Guitar-Instrumentals (optional Violin, Piano)","publisher":{"@id":"https:\/\/zwirner.com\/one-man-band\/#organization"},"potentialAction":[{"@type":"SearchAction","target":{"@type":"EntryPoint","urlTemplate":"https:\/\/zwirner.com\/one-man-band\/?s={search_term_string}"},"query-input":{"@type":"PropertyValueSpecification","valueRequired":true,"valueName":"search_term_string"}}],"inLanguage":"de"},{"@type":"Organization","@id":"https:\/\/zwirner.com\/one-man-band\/#organization","name":"Rolf Zwirner, niveauvolle Live-Musik f\u00fcr Ihr Event","url":"https:\/\/zwirner.com\/one-man-band\/","logo":{"@type":"ImageObject","inLanguage":"de","@id":"https:\/\/zwirner.com\/one-man-band\/#\/schema\/logo\/image\/","url":"https:\/\/zwirner.com\/one-man-band\/wp-content\/uploads\/2018\/01\/rolf_solo_01-1.jpg","contentUrl":"https:\/\/zwirner.com\/one-man-band\/wp-content\/uploads\/2018\/01\/rolf_solo_01-1.jpg","width":479,"height":615,"caption":"Rolf Zwirner, niveauvolle Live-Musik f\u00fcr Ihr Event"},"image":{"@id":"https:\/\/zwirner.com\/one-man-band\/#\/schema\/logo\/image\/"},"sameAs":["https:\/\/www.facebook.com\/RolfZwirnerAndFriends\/","https:\/\/www.youtube.com\/channel\/UC2AW5nN5pnDbxHnVEja22KA"]}]}},"_links":{"self":[{"href":"https:\/\/zwirner.com\/one-man-band\/wp-json\/wp\/v2\/pages\/511","targetHints":{"allow":["GET"]}}],"collection":[{"href":"https:\/\/zwirner.com\/one-man-band\/wp-json\/wp\/v2\/pages"}],"about":[{"href":"https:\/\/zwirner.com\/one-man-band\/wp-json\/wp\/v2\/types\/page"}],"author":[{"embeddable":true,"href":"https:\/\/zwirner.com\/one-man-band\/wp-json\/wp\/v2\/users\/1"}],"replies":[{"embeddable":true,"href":"https:\/\/zwirner.com\/one-man-band\/wp-json\/wp\/v2\/comments?post=511"}],"version-history":[{"count":15,"href":"https:\/\/zwirner.com\/one-man-band\/wp-json\/wp\/v2\/pages\/511\/revisions"}],"predecessor-version":[{"id":529,"href":"https:\/\/zwirner.com\/one-man-band\/wp-json\/wp\/v2\/pages\/511\/revisions\/529"}],"wp:featuredmedia":[{"embeddable":true,"href":"https:\/\/zwirner.com\/one-man-band\/wp-json\/wp\/v2\/media\/422"}],"wp:attachment":[{"href":"https:\/\/zwirner.com\/one-man-band\/wp-json\/wp\/v2\/media?parent=511"}],"curies":[{"name":"wp","href":"https:\/\/api.w.org\/{rel}","templated":true}]}}